{"version":"1.0","provider_name":"Journal d&#039;Explora Project","provider_url":"https:\/\/www.explora-project.com\/blog","author_name":"anna@explora-project.com","author_url":"https:\/\/www.explora-project.com\/blog\/articles\/author\/annaexplora-project-com","title":"Vision No Plane 2025 : notre ambition \u00e9cologique - Journal d&#039;Explora Project","type":"rich","width":600,"height":338,"html":"<blockquote class=\"wp-embedded-content\" data-secret=\"BSxghrBupl\"><a href=\"https:\/\/www.explora-project.com\/blog\/articles\/vision-no-plane-2025-notre-ambition-ecologique\">Vision No Plane 2025 : notre ambition \u00e9cologique<\/a><\/blockquote><iframe sandbox=\"allow-scripts\" security=\"restricted\" src=\"https:\/\/www.explora-project.com\/blog\/articles\/vision-no-plane-2025-notre-ambition-ecologique\/embed#?secret=BSxghrBupl\" width=\"600\" height=\"338\" title=\"\u00ab\u00a0Vision No Plane 2025 : notre ambition \u00e9cologique\u00a0\u00bb &#8212; Journal d&#039;Explora Project\" data-secret=\"BSxghrBupl\" frameborder=\"0\" marginwidth=\"0\" marginheight=\"0\" scrolling=\"no\" class=\"wp-embedded-content\"><\/iframe><script type=\"text\/javascript\">\n\/*! This file is auto-generated *\/\n!function(c,l){\"use strict\";var e=!1,o=!1;if(l.querySelector)if(c.addEventListener)e=!0;if(c.wp=c.wp||{},c.wp.receiveEmbedMessage);else if(c.wp.receiveEmbedMessage=function(e){var t=e.data;if(!t);else if(!(t.secret||t.message||t.value));else if(\/[^a-zA-Z0-9]\/.test(t.secret));else{for(var r,s,a,i=l.querySelectorAll('iframe[data-secret=\"'+t.secret+'\"]'),n=l.querySelectorAll('blockquote[data-secret=\"'+t.secret+'\"]'),o=0;o<n.length;o++)n[o].style.display=\"none\";for(o=0;o<i.length;o++)if(r=i[o],e.source!==r.contentWindow);else{if(r.removeAttribute(\"style\"),\"height\"===t.message){if(1e3<(s=parseInt(t.value,10)))s=1e3;else if(~~s<200)s=200;r.height=s}if(\"link\"===t.message)if(s=l.createElement(\"a\"),a=l.createElement(\"a\"),s.href=r.getAttribute(\"src\"),a.href=t.value,a.host===s.host)if(l.activeElement===r)c.top.location.href=t.value}}},e)c.addEventListener(\"message\",c.wp.receiveEmbedMessage,!1),l.addEventListener(\"DOMContentLoaded\",t,!1),c.addEventListener(\"load\",t,!1);function t(){if(o);else{o=!0;for(var e,t,r,s=-1!==navigator.appVersion.indexOf(\"MSIE 10\"),a=!!navigator.userAgent.match(\/Trident.*rv:11\\.\/),i=l.querySelectorAll(\"iframe.wp-embedded-content\"),n=0;n<i.length;n++){if(!(r=(t=i[n]).getAttribute(\"data-secret\")))r=Math.random().toString(36).substr(2,10),t.src+=\"#?secret=\"+r,t.setAttribute(\"data-secret\",r);if(s||a)(e=t.cloneNode(!0)).removeAttribute(\"security\"),t.parentNode.replaceChild(e,t);t.contentWindow.postMessage({message:\"ready\",secret:r},\"*\")}}}}(window,document);\n<\/script>\n","thumbnail_url":"https:\/\/www.explora-project.com\/blog\/wp-content\/uploads\/2023\/10\/shutterstock_2036952320-1024x655.jpg","thumbnail_width":1024,"thumbnail_height":655,"description":"\u00c0 l\u2019occasion du mois du d\u00e9veloppement durable, Explora Project r\u00e9v\u00e8le officiellement son plan strat\u00e9gique et sa vision \u201cNo Plane\u201d d\u2019ici \u00e0 2025. Pose ton sac de rando, on t\u2019explique tout.Continuer \u00e0 lire..."}

Vision No Plane 2025 : notre ambition écologique - Journal d&#039;Explora Project

<blockquote class="wp-embedded-content" data-secret="BSxghrBupl"><a href="https://www.explora-project.com/blog/articles/vision-no-plane-2025-notre-ambition-ecologique">Vision No Plane 2025 : notre ambition écologique</a></blockquote><iframe sandbox="allow-scripts" security="restricted" src="https://www.explora-project.com/blog/articles/vision-no-plane-2025-notre-ambition-ecologique/embed#?secret=BSxghrBupl" width="600" height="338" title="« Vision No Plane 2025 : notre ambition écologique » &#8212; Journal d&#039;Explora Project" data-secret="BSxghrBupl" frameborder="0" marginwidth="0" marginheight="0" scrolling="no" class="wp-embedded-content"></iframe><script type="text/javascript">
/*! This file is auto-generated */
!function(c,l){"use strict";var e=!1,o=!1;if(l.querySelector)if(c.addEventListener)e=!0;if(c.wp=c.wp||{},c.wp.receiveEmbedMessage);else if(c.wp.receiveEmbedMessage=function(e){var t=e.data;if(!t);else if(!(t.secret||t.message||t.value));else if(/[^a-zA-Z0-9]/.test(t.secret));else{for(var r,s,a,i=l.querySelectorAll('iframe[data-secret="'+t.secret+'"]'),n=l.querySelectorAll('blockquote[data-secret="'+t.secret+'"]'),o=0;o<n.length;o++)n[o].style.display="none";for(o=0;o<i.length;o++)if(r=i[o],e.source!==r.contentWindow);else{if(r.removeAttribute("style"),"height"===t.message){if(1e3<(s=parseInt(t.value,10)))s=1e3;else if(~~s<200)s=200;r.height=s}if("link"===t.message)if(s=l.createElement("a"),a=l.createElement("a"),s.href=r.getAttribute("src"),a.href=t.value,a.host===s.host)if(l.activeElement===r)c.top.location.href=t.value}}},e)c.addEventListener("message",c.wp.receiveEmbedMessage,!1),l.addEventListener("DOMContentLoaded",t,!1),c.addEventListener("load",t,!1);function t(){if(o);else{o=!0;for(var e,t,r,s=-1!==navigator.appVersion.indexOf("MSIE 10"),a=!!navigator.userAgent.match(/Trident.*rv:11\./),i=l.querySelectorAll("iframe.wp-embedded-content"),n=0;n<i.length;n++){if(!(r=(t=i[n]).getAttribute("data-secret")))r=Math.random().toString(36).substr(2,10),t.src+="#?secret="+r,t.setAttribute("data-secret",r);if(s||a)(e=t.cloneNode(!0)).removeAttribute("security"),t.parentNode.replaceChild(e,t);t.contentWindow.postMessage({message:"ready",secret:r},"*")}}}}(window,document);
</script>

À l’occasion du mois du développement durable, Explora Project révèle officiellement son plan stratégique et sa vision “No Plane” d’ici à 2025. Pose ton sac de rando, on t’explique tout.Continuer à lire...
